 -4*j + 7 - 23. Let m(v) = -9*v + 4. Let z be m(j). Suppose 17 = 3*b - z. What is the units digit of b?
8
Let i be -1 - (-4 + (-1)/(-1)). Suppose -2*y - i = -0*y. Let c = 2 - y. What is the units digit of c?
3
Let y(f) = 10*f**2 - 73*f + 6. What is the thousands digit of y(-7)?
1
Let k = 21 - -6. Suppose -2*c + 2*l = 18 - 76, -3*l - k = -c. What is the units digit of c?
0
Let t = 558 + -517. What is the units digit of t?
1
Suppose u - 4*g - 21 = 0, -3*u + g + 23 = -3*g. Let c(j) = 6 - 14 + u + 0 - 10*j. What is the tens digit of c(-3)?
2
What is the hundreds digit of 6/15 + 8144/40?
2
Let h = 59 + -29. Suppose -6*m + 0*m + h = 0. Suppose 2*z = 3*y + 15 - 69, 75 = 3*y + m*z. What is the units digit of y?
0
Suppose 3*n = -3*i + 3726, 6 = 5*i + 21. What is the tens digit of n?
4
Suppose 3*k - 4807 = 5*r, 24*r - 29*r + 1629 = k. What is the units digit of k?
9
Suppose -238 - 87 = -13*g. Let i = -3 + g. What is the tens digit of i?
2
Let d(c) = 2*c**2 - 9*c + 35. What is the units digit of d(19)?
6
Let d = -251 - -1374. What is the hundreds digit of d?
1
Let w be (3 - (-11)/(-2))/(7/(-28)). Let g(z) = z**3 - 9*z**2 + 12*z - 2. What is the tens digit of g(w)?
1
What is the units digit of ((-993)/(-2))/(((-6)/4)/(-3))?
3
Let z(s) = 5*s**2 - 18*s + 17. Let h be z(8). Let u be (0 - 1)/(10/(-50)). Suppose -h = -3*t - 2*g, -4*t + u*g - 68 = -356. What is the tens digit of t?
6
Suppose 22*u - 23*u - 28 = 0. What is the units digit of (106/u + (-26)/(-91))*-2?
7
Let m be (-30)/(-6)*(-4)/(-10). Suppose 15 = -3*h - 3*i, 0 = -m*h - 2*i - 2*i - 2. What is the tens digit of 0 - -54 - h/3?
5
Suppose -7*r = -2*r + 3*m - 5168, 4*r - 4133 = -m. What is the thousands digit of r?
1
Suppose 0 = 21*v - 26*v. Suppose -k + 11 + 1 = v. What is the tens digit of k?
1
Suppose -9*t + 399 = -1059. What is the hundreds digit of t?
1
Let d = 1379 - 551. What is the tens digit of d?
2
Let x = 18 - 29. Let c be 122/8 - 177/(-236). Let u = x + c. What is the units digit of u?
5
Suppose -4*v - 972 = m - 3872, -4*v - 11520 = -4*m. What is the thousands digit of m?
2
Suppose 0*c - 2*c + 2 = 2*m, -2 = m. Let f(p) = 0*p + 2*p**2 - 8*p + 3 + p + 5*p**2. What is the tens digit of f(c)?
4
Let x = -780 + 396. Let s = -151 - x. What is the units digit of s?
3
Suppose -2*t - 2 = -6. Let j(p) = -p - 6. Let w be j(-6). Suppose -t*c + 97 + 3 = w. What is the units digit of c?
0
Let l(b) = b**3 + 4*b**2 - 14*b. Let h be l(-6). Let m(x) = -x**2 + 15*x - 9. What is the tens digit of m(h)?
2
Let h be (-24)/(-32) - ((-687)/(-4))/(-3). Let a = h + 31. What is the tens digit of a?
8
Let r(o) = -o**2 - 8*o + 20. Let p = -59 - -50. What is the units digit of r(p)?
1
Let o = 66 - 66. Let n(x) = x + 135. What is the hundreds digit of n(o)?
1
Let i(l) = -23*l - 116. What is the tens digit of i(-12)?
6
Suppose 4*z + 44 = -m + 176, 0 = 4*m - 4*z - 528. Suppose -21 = -s + m. What is the hundreds digit of s?
1
Let x be 4 + -1 + 2*1/(-2). Suppose 2*o - 65 = -d + 143, x*o - 208 = d. What is the hundreds digit of o?
1
Let x be (5 + -1 + -2)/((-8)/(-6484)). Suppose 3*l = -0*l - 3*n + 969, -5*l + x = 3*n. What is the hundreds digit of l?
3
Let y = -33 - -15. Let q be 662/4 + y/12. Suppose -7*j + q = -3*j. What is the tens digit of j?
4
What is the thousands digit of ((-37)/(-3))/((-13)/(-2067))?
1
Let i = -343 - -575. What is the units digit of i?
2
Let p(o) = -o**3 - 3*o**2 - 3*o. Let z = -8 + 4. What is the tens digit of p(z)?
2
Suppose -19*o = -3423 + 193. What is the hundreds digit of o?
1
Let n = 205 - 423. Let a = -250 - -166. What is the units digit of 12/a - n/7?
1
Let h be (-99)/36 + 1/(-4). Let z be 4/h*(-3)/2. Suppose 0 = -5*d - g + 110, -z*d - 2*g - 3*g = -21. What is the units digit of d?
3
Let a = -93 + 47. Suppose -d + 78 = -4*d. Let i = d - a. What is the units digit of i?
0
What is the units digit of (-77)/22*(4580/(-7) + 2)?
3
Suppose 2*a - 3*v + 1 + 0 = 0, -3*a - 2*v + 31 = 0. Suppose a*z - 8*z = -2. What is the units digit of z?
2
Suppose 194*n - 192*n = 10440. What is the units digit of n?
0
Let x = 6035 - 3260. What is the tens digit of x?
7
Suppose -3*b + 3618 = -618. What is the hundreds digit of b?
4
Suppose -3*d + 467 = -4*y + 67, 3*d + y = 410. Suppose -2*g - 4*b + 5*b = -d, -2*g + 132 = b. What is the units digit of g?
7
Let y = 63 + -59. What is the units digit of y + (-428)/(-4)*1?
1
Let y(k) = -10*k + 1. Let z be y(1). Let c be (-2 - -4)/((-3)/z). What is the tens digit of 26*(3/c)/1?
1
Suppose 3*o + 12 = 9*o. Suppose -z - 3*g + 66 = 0, -6*g = o*z - 4*g - 128. What is the tens digit of z?
6
Suppose 654 - 144 = 2*x. Suppose -2*t - 3*t = -x. What is the units digit of t?
1
Let m = 4122 - 2694. What is the units digit of m?
8
Suppose -w = -5*p - 18, 3*w - p - 193 = -69. Suppose -3*s = 3*x + 24, s + 38 = -3*s + 2*x. Let f = s + w. What is the units digit of f?
4
Let l(j) = -304*j + 80. What is the tens digit of l(-4)?
9
Let c(a) = 13*a**3 - 27*a**2 - 17*a - 45. Let w = -23 - -32. Let q(g) = 3*g**3 - 7*g**2 - 4*g - 11. Let m(r) = w*q(r) - 2*c(r). What is the tens digit of m(10)?
7
Let v(l) = -6*l - 22. Suppose 2*u + 5 - 2 = -5*x, -4*u = -2*x + 42. What is the tens digit of v(u)?
3
Suppose -3*r + 0*r - 2*i = 916, -r = 3*i + 303. Let l = 491 + r. What is the hundreds digit of l?
1
Let c be -281*(0 + -1) - 1. Suppose c = -0*b + 3*b - 2*k, 185 = 2*b - 3*k. What is the units digit of b?
4
Let k(w) = 110*w + 69. What is the tens digit of k(7)?
3
What is the thousands digit of ((-19110)/52)/((-18)/(-21))*-4?
1
Let i = 14 - 10. Suppose 3*f + 5 = -i. What is the units digit of (f - -4)*4*1?
4
Suppose -4*j - 2*s - 24 = -4*s, 4 = 4*j + 5*s. Let h = 81 + j. What is the units digit of h?
7
Let a = 10249 + -5880. What is the thousands digit of a?
4
Suppose u + 3*v - 3058 = 0, 0 = u + v - 988 - 2060. What is the units digit of u?
3
Let u(y) = 2*y - 34. Let f be u(17). Suppose -3*h + 111 = 7*m - 4*m, f = 4*m - 4*h - 140. What is the tens digit of m?
3
Let p(a) = 11*a + 24. Let j be p(-8). Let i = j - -72. What is the units digit of i?
8
Let w(o) = -4*o + 3. Let h be w(-3). Suppose -55 = 4*p - h. What is the units digit of (36/p)/(6/(-20))?
2
Let v(y) = 11*y**2 - 27*y + 97. What is the units digit of v(15)?
7
Let d(i) = -4*i + 90. Let p be d(22). Let m = 0 - 0. Suppose -5*s = -p*s - 4*z - 87, m = 3*z. What is the units digit of s?
9
Suppose 18*a - 74439 + 20673 = 0. What is the hundreds digit of a?
9
Suppose 0 = -348*f + 344*f + 808. What is the hundreds digit of f?
2
Let u(t) = -t**3 - 7*t**2 - 4*t - 12. Let r be ((-2)/3)/((-3)/72*-2). What is the tens digit of u(r)?
8
Let c be (-13)/(-6 - -3 - -4). Let j = c - -18. Suppose 5*p = 5*a - 125, j*p + 0*p + 20 = 0. What is the tens digit of a?
2
Let x be 1*(-2)/(-4) + (-65)/(-10). Suppose -x*j - 740 = -12*j. What is the units digit of j?
8
Suppose -4*a + 1105 = -563. What is the units digit of a?
7
Let i(q) = q**2 - 7*q - 8. Suppose 37 = -4*v + 9. What is the units digit of i(v)?
0
Let i be (-4)/6 + (-28)/(-42). Let x(v) = -6*v. Let h be x(-3). Suppose -4*q + 4*u + h = -74, 3*u + 15 = i. What is the units digit of q?
8
Suppose 0 = d + 1, -z + 3*d + 198 = -0*d. What is the units digit of z?
5
Suppose -41*d = -7*d - 106658. What is the units digit of d?
7
Let s be 6/(-27) + 112/18. What is the units digit of 1/(-2) - (-9)/s?
1
Let o be (-30)/(-9) + (-4)/(-6). Suppose -143 = -f - o*f + 3*c, 85 = 3*f - 2*c. What is the units digit of f?
1
Let w(q) = -q**3 - 6*q**2 - 8*q. Let c(a) = 3*a**3 + 17*a**2 + 24*a. Let d(i) = -3*c(i) - 8*w(i). What is the tens digit of d(-4)?
4
What is the units digit of 14/2 + (-2882)/(-11)?
9
Let q = 5830 - 4114. What is the tens digit of q?
1
Let v(g) = -19*g + 19. Let j(q) = -58*q + 58. Let y(r) = -4*j(r) + 11*v(r). What is the units digit of y(5)?
2
What is the units digit of (-32128)/(-56) + -1 + (-2)/(-7)?
3
Suppose -2*m - 3*y = -6*y - 158, -5*y + 174 = 2*m. Let u = m - 28. Suppose -294 = -5*z - u. What is the tens digit of z?
4
Let f = -42 - -29. Let y = 18 + f. What is the units digit of -2 + y - 230/(-5)?
9
Let x be ((-949)/(-26))/(1/2). Suppose -2 = -j + 3, -i - 3*j = -x. What is the units digit of i?
8
Suppose -407 = 4*f - s, -2*f - 207 = 3*s - 0*s. Let u = -60 - f. What is the tens digit of u?
4
Suppose -4*k - 6 + 14 = 0.